271
What are the prime factors of 5437?
5437
List the prime factors of 111532.
2, 27883
What are the prime factors of 255?
3, 5, 17
List the prime factors of 4234.
2, 29, 73
List the prime factors of 74756.
2, 11, 1699
List the prime factors of 3551.
53, 67
What are the prime factors of 68348?
2, 7, 2441
What are the prime factors of 2485?
5, 7, 71
What are the prime factors of 1095?
3, 5, 73
What are the prime factors of 2823?
3, 941
What are the prime factors of 345?
3, 5, 23
List the prime factors of 253.
11, 23
List the prime factors of 12061.
7, 1723
List the prime factors of 55274.
2, 29, 953
What are the prime factors of 616?
2, 7, 11
What are the prime factors of 7618?
2, 13, 293
What are the prime factors of 15052?
2, 53, 71
List the prime factors of 20630.
2, 5, 2063
What are the prime factors of 1675?
5, 67
List the prime factors of 4256.
2, 7, 19
List the prime factors of 67782.
2, 3, 11, 13, 79
What are the prime factors of 1446?
2, 3, 241
List the prime factors of 13156.
2, 11, 13, 23
List the prime factors of 344.
2, 43
What are the prime factors of 7785?
3, 5, 173
List the prime factors of 4889.
4889
What are the prime factors of 47239?
97, 487
What are the prime factors of 5690?
2, 5, 569
List the prime factors of 270.
2, 3, 5
What are the prime factors of 534?
2, 3, 89
What are the prime factors of 29715?
3, 5, 7, 283
What are the prime factors of 2253?
3, 751
List the prime factors of 22408.
2, 2801
What are the prime factors of 126430?
2, 5, 47, 269
List the prime factors of 964.
2, 241
What are the prime factors of 186?
2, 3, 31
What are the prime factors of 26219?
157, 167
List the prime factors of 16512.
2, 3, 43
List the prime factors of 5263.
19, 277
List the prime factors of 3310.
2, 5, 331
List the prime factors of 1220.
2, 5, 61
List the prime factors of 9189.
3, 1021
List the prime factors of 92.
2, 23
List the prime factors of 131431.
131431
What are the prime factors of 2203?
2203
List the prime factors of 10246.
2, 47, 109
List the prime factors of 3133.
13, 241
What are the prime factors of 560?
2, 5, 7
What are the prime factors of 920?
2, 5, 23
What are the prime factors of 27200?
2, 5, 17
What are the prime factors of 9625?
5, 7, 11
List the prime factors of 1187.
1187
List the prime factors of 1042.
2, 521
What are the prime factors of 35569?
35569
What are the prime factors of 1296?
2, 3
List the prime factors of 6774.
2, 3, 1129
List the prime factors of 3728.
2, 233
What are the prime factors of 2083?
2083
What are the prime factors of 26765?
5, 53, 101
What are the prime factors of 139173?
3, 23, 2017
List the prime factors of 23583.
3, 7, 1123
What are the prime factors of 10061?
10061
List the prime factors of 65050.
2, 5, 1301
List the prime factors of 3561.
3, 1187
What are the prime factors of 33812?
2, 79, 107
What are the prime factors of 3162?
2, 3, 17, 31
What are the prime factors of 55111?
7, 7873
What are the prime factors of 2806?
2, 23, 61
List the prime factors of 14708.
2, 3677
What are the prime factors of 593?
593
List the prime factors of 62622.
2, 3, 7, 71
What are the prime factors of 6774?
2, 3, 1129
List the prime factors of 746.
2, 373
What are the prime factors of 8170?
2, 5, 19, 43
What are the prime factors of 1733?
1733
What are the prime factors of 9310?
2, 5, 7, 19
List the prime factors of 4058.
2, 2029
What are the prime factors of 868?
2, 7, 31
List the prime factors of 24579.
3, 2731
What are the prime factors of 24943?
24943
What are the prime factors of 1998?
2, 3, 37
What are the prime factors of 625?
5
What are the prime factors of 1026?
2, 3, 19
List the prime factors of 5219.
17, 307
What are the prime factors of 8329?
8329
What are the prime factors of 58341?
3, 19447
List the prime factors of 13812.
2, 3, 1151
What are the prime factors of 1816?
2, 227
List the prime factors of 105883.
105883
List the prime factors of 31246.
2, 17, 919
List the prime factors of 2244.
2, 3, 11, 17
What are the prime factors of 2567?
17, 151
What are the prime factors of 29941?
79, 379
What are the prime factors of 2434?
2, 1217
What are the prime factors of 148981?
7, 21283
List the prime factors of 35052.
2, 3, 23, 127
List the prime factors of 67469.
19, 53, 67
What are the prime factors of 37?
37
What are the prime factors of 1109?
1109
List the prime factors of 72957.
3, 83, 293
List the prime factors of 19502.
2, 7, 199
What are the prime factors of 5507?
5507
What are the prime factors of 317?
317
What are the prime factors of 1306?
2, 653
List the prime factors of 4754.
2, 2377
List the prime factors of 34003.
37, 919
List the prime factors of 4403.
7, 17, 37
List the prime factors of 51436.
2, 7, 11, 167
List the prime factors of 4429.
43, 103
List the prime factors of 4910.
2, 5, 491
What are the prime factors of 17368?
2, 13, 167
List the prime factors of 17266.
2, 89, 97
What are the prime factors of 27292?
2, 6823
What are the prime factors of 12786?
2, 3, 2131
List the prime factors of 141406.
2, 17, 4159
What are the prime factors of 634?
2, 317
What are the prime factors of 1116?
2, 3, 31
List the prime factors of 99852.
2, 3, 53, 157
List the prime factors of 99120.
2, 3, 5, 7, 59
What are the prime factors of 4444?
2, 11, 101
List the prime factors of 744.
2, 3, 31
List the prime factors of 715.
5, 11, 13
List the prime factors of 858.
2, 3, 11, 13
List the prime factors of 28157.
37, 761
What are the prime factors of 37106?
2, 18553
What are the prime factors of 69967?
31, 37, 61
List the prime factors of 1513.
17, 89
List the prime factors of 15865.
5, 19, 167
List the prime factors of 9412.
2, 13, 181
List the prime factors of 6981.
3, 13, 179
List the prime factors of 10739.
10739
List the prime factors of 6309.
3, 701
What are the prime factors of 4898?
2, 31, 79
List the prime factors of 2291.
29, 79
What are the prime factors of 647?
647
What are the prime factors of 111510?
2, 3, 5, 7, 59
What are the prime factors of 32686?
2, 59, 277
List the prime factors of 113.
113
List the prime factors of 1836.
2, 3, 17
List the prime factors of 65.
5, 13
What are the prime factors of 4042?
2, 43, 47
What are the prime factors of 2476?
2, 619
List the prime factors of 52.
2, 13
List the prime factors of 46710.
2, 3, 5, 173
List the prime factors of 47.
47
What are the prime factors of 1198?
2, 599
What are the prime factors of 1526?
2, 7, 109
What are the prime factors of 164?
2, 41
What are the prime factors of 18038?
2, 29, 311
What are the prime factors of 1402?
2, 701
List the prime factors of 445.
5, 89
List the prime factors of 46601.
46601
What are the prime factors of 3934?
2, 7, 281
List the prime factors of 16066.
2, 29, 277
What are the prime factors of 10526?
2, 19, 277
What are the prime factors of 8029?
7, 31, 37
List the prime factors of 51779.
7, 13, 569
What are the prime factors of 566?
2, 283
What are the prime factors of 1034?
2, 11, 47
List the prime factors of 2765.
5, 7, 79
List the prime factors of 89125.
5, 23, 31
What are the prime factors of 7910?
2, 5, 7, 113
List the prime factors of 4634.
2, 7, 331
What are the prime factors of 43243?
83, 521
List the prime factors of 101036.
2, 13, 29, 67
What are the prime factors of 25474?
2, 47, 271
List the prime factors of 11905.
5, 2381
What are the prime factors of 145?
5, 29
List the prime factors of 1266.
2, 3, 211
What are the prime factors of 68?
2, 17
List the prime factors of 11798.
2, 17, 347
What are the prime factors of 3143?
7, 449
List the prime factors of 14365.
5, 13, 17
List the prime factors of 10884.
2, 3, 907
What are the prime factors of 767?
13, 59
What are the prime factors of 783?
3, 29
What are the prime factors of 29859?
3, 37, 269
List the prime factors of 1040.
2, 5, 13
What are the prime factors of 18285?
3, 5, 23, 53
What are the prime factors of 1988?
2, 7, 71
What are the prime factors of 14733?
3, 1637
List the prime factors of 8894.
2, 4447
What are the prime factors of 13733?
31, 443
What are the prime factors of 26030?
2, 5, 19, 137
List the prime factors of 3922.
2, 37, 53
List the prime factors of 162957.
3, 54319
List the prime factors of 1995.
3, 5, 7, 19
List the prime factors of 211.
211
What are the prime factors of 37281?
3, 17, 43
List the prime fa